{"id":1261,"date":"2021-07-02T17:31:36","date_gmt":"2021-07-02T20:31:36","guid":{"rendered":"http:\/\/centhury.com.br\/?page_id=1261"},"modified":"2021-07-03T00:23:49","modified_gmt":"2021-07-03T03:23:49","slug":"solucoes","status":"publish","type":"page","link":"https:\/\/centhury.com.br\/index.php\/solucoes\/","title":{"rendered":"Solu\u00e7\u00f5es"},"content":{"rendered":"\t\t<div data-elementor-type=\"wp-page\" data-elementor-id=\"1261\" class=\"elementor elementor-1261\">\n\t\t\t\t\t\t\t\t\t<section class=\"elementor-section elementor-top-section elementor-element elementor-element-fc5113a elementor-section-boxed elementor-section-height-default elementor-section-height-default\" data-id=\"fc5113a\" data-element_type=\"section\" data-settings=\"{&quot;background_background&quot;:&quot;classic&quot;}\">\n\t\t\t\t\t\t<div class=\"elementor-container elementor-column-gap-default\">\n\t\t\t\t\t<div class=\"elementor-column elementor-col-100 elementor-top-column elementor-element elementor-element-6724a90\" data-id=\"6724a90\" data-element_type=\"column\">\n\t\t\t<div class=\"elementor-widget-wrap elementor-element-populated\">\n\t\t\t\t\t\t\t\t<div class=\"elementor-element elementor-element-5878378 elementor-widget elementor-widget-spacer\" data-id=\"5878378\" data-element_type=\"widget\" data-widget_type=\"spacer.default\">\n\t\t\t\t<div class=\"elementor-widget-container\">\n\t\t\t\t\t<div class=\"elementor-spacer\">\n\t\t\t<div class=\"elementor-spacer-inner\"><\/div>\n\t\t<\/div>\n\t\t\t\t<\/div>\n\t\t\t\t<\/div>\n\t\t\t\t\t<\/div>\n\t\t<\/div>\n\t\t\t\t\t\t\t<\/div>\n\t\t<\/section>\n\t\t\t\t<section class=\"elementor-section elementor-top-section elementor-element elementor-element-6dce0240 elementor-section-content-middle elementor-section-boxed elementor-section-height-default elementor-section-height-default\" data-id=\"6dce0240\" data-element_type=\"section\" data-settings=\"{&quot;background_background&quot;:&quot;classic&quot;}\">\n\t\t\t\t\t\t<div class=\"elementor-container elementor-column-gap-no\">\n\t\t\t\t\t<div class=\"elementor-column elementor-col-100 elementor-top-column elementor-element elementor-element-3ef91a5\" data-id=\"3ef91a5\" data-element_type=\"column\">\n\t\t\t<div class=\"elementor-widget-wrap elementor-element-populated\">\n\t\t\t\t\t\t\t\t<div class=\"elementor-element elementor-element-7ad74c0d elementor-widget elementor-widget-heading\" data-id=\"7ad74c0d\" data-element_type=\"widget\" data-widget_type=\"heading.default\">\n\t\t\t\t<div class=\"elementor-widget-container\">\n\t\t\t<h1 class=\"elementor-heading-title elementor-size-large\">Solu\u00e7\u00f5es<\/h1>\t\t<\/div>\n\t\t\t\t<\/div>\n\t\t\t\t<section class=\"elementor-section elementor-inner-section elementor-element elementor-element-28038b5d elementor-section-content-middle elementor-section-boxed elementor-section-height-default elementor-section-height-default\" data-id=\"28038b5d\" data-element_type=\"section\">\n\t\t\t\t\t\t<div class=\"elementor-container elementor-column-gap-no\">\n\t\t\t\t\t<div class=\"elementor-column elementor-col-33 elementor-inner-column elementor-element elementor-element-70f118a7\" data-id=\"70f118a7\" data-element_type=\"column\" data-settings=\"{&quot;background_background&quot;:&quot;classic&quot;}\">\n\t\t\t<div class=\"elementor-widget-wrap elementor-element-populated\">\n\t\t\t\t\t\t\t\t<div class=\"elementor-element elementor-element-2430e54c elementor-widget elementor-widget-image\" data-id=\"2430e54c\" data-element_type=\"widget\" data-widget_type=\"image.default\">\n\t\t\t\t<div class=\"elementor-widget-container\">\n\t\t\t\t\t\t\t\t\t\t\t\t\t\t\t<img loading=\"lazy\" decoding=\"async\" width=\"768\" height=\"715\" src=\"https:\/\/centhury.com.br\/wp-content\/uploads\/2021\/07\/20210129_172837-1-768x715.jpg\" class=\"attachment-medium_large size-medium_large wp-image-1248\" alt=\"\" srcset=\"https:\/\/centhury.com.br\/wp-content\/uploads\/2021\/07\/20210129_172837-1-768x715.jpg 768w, https:\/\/centhury.com.br\/wp-content\/uploads\/2021\/07\/20210129_172837-1-300x279.jpg 300w, https:\/\/centhury.com.br\/wp-content\/uploads\/2021\/07\/20210129_172837-1-1024x953.jpg 1024w, https:\/\/centhury.com.br\/wp-content\/uploads\/2021\/07\/20210129_172837-1-1536x1430.jpg 1536w, https:\/\/centhury.com.br\/wp-content\/uploads\/2021\/07\/20210129_172837-1.jpg 1785w\" sizes=\"(max-width: 768px) 100vw, 768px\" \/>\t\t\t\t\t\t\t\t\t\t\t\t\t\t\t<\/div>\n\t\t\t\t<\/div>\n\t\t\t\t\t<\/div>\n\t\t<\/div>\n\t\t\t\t<div class=\"elementor-column elementor-col-33 elementor-inner-column elementor-element elementor-element-7f286f8f\" data-id=\"7f286f8f\" data-element_type=\"column\" data-settings=\"{&quot;background_background&quot;:&quot;classic&quot;}\">\n\t\t\t<div class=\"elementor-widget-wrap elementor-element-populated\">\n\t\t\t\t\t\t\t\t<div class=\"elementor-element elementor-element-c761ccd elementor-widget elementor-widget-heading\" data-id=\"c761ccd\" data-element_type=\"widget\" data-widget_type=\"heading.default\">\n\t\t\t\t<div class=\"elementor-widget-container\">\n\t\t\t<h2 class=\"elementor-heading-title elementor-size-default\">Cat\u00e1logos<\/h2>\t\t<\/div>\n\t\t\t\t<\/div>\n\t\t\t\t<div class=\"elementor-element elementor-element-62bc112f elementor-widget elementor-widget-text-editor\" data-id=\"62bc112f\" data-element_type=\"widget\" data-widget_type=\"text-editor.default\">\n\t\t\t\t<div class=\"elementor-widget-container\">\n\t\t\t\t\t\t\t<p><strong>Modelos e tamanhos variados para divulga\u00e7\u00e3o de seu cat\u00e1logo, para pequenas e grandes tiragens, com pouco ou muito acabamento! <\/strong><\/p>\t\t\t\t\t\t<\/div>\n\t\t\t\t<\/div>\n\t\t\t\t<div class=\"elementor-element elementor-element-27c10dc9 elementor-align-center elementor-widget elementor-widget-button\" data-id=\"27c10dc9\" data-element_type=\"widget\" data-widget_type=\"button.default\">\n\t\t\t\t<div class=\"elementor-widget-container\">\n\t\t\t\t\t<div class=\"elementor-button-wrapper\">\n\t\t\t<a href=\"http:\/\/centhury.com.br\/index.php\/catalogos\" class=\"elementor-button-link elementor-button elementor-size-sm\" role=\"button\">\n\t\t\t\t\t\t<span class=\"elementor-button-content-wrapper\">\n\t\t\t\t\t\t<span class=\"elementor-button-text\">Fale Conosco!<\/span>\n\t\t<\/span>\n\t\t\t\t\t<\/a>\n\t\t<\/div>\n\t\t\t\t<\/div>\n\t\t\t\t<\/div>\n\t\t\t\t\t<\/div>\n\t\t<\/div>\n\t\t\t\t<div class=\"elementor-column elementor-col-33 elementor-inner-column elementor-element elementor-element-247c6db2\" data-id=\"247c6db2\" data-element_type=\"column\" data-settings=\"{&quot;background_background&quot;:&quot;classic&quot;}\">\n\t\t\t<div class=\"elementor-widget-wrap elementor-element-populated\">\n\t\t\t\t\t\t\t\t<div class=\"elementor-element elementor-element-5246ce28 elementor-widget elementor-widget-image\" data-id=\"5246ce28\" data-element_type=\"widget\" data-widget_type=\"image.default\">\n\t\t\t\t<div class=\"elementor-widget-container\">\n\t\t\t\t\t\t\t\t\t\t\t\t\t\t\t<img loading=\"lazy\" decoding=\"async\" width=\"768\" height=\"750\" src=\"https:\/\/centhury.com.br\/wp-content\/uploads\/2021\/07\/WhatsApp-Image-2020-10-30-at-17.22.41-768x750.jpeg\" class=\"attachment-medium_large size-medium_large wp-image-1246\" alt=\"\" srcset=\"https:\/\/centhury.com.br\/wp-content\/uploads\/2021\/07\/WhatsApp-Image-2020-10-30-at-17.22.41-768x750.jpeg 768w, https:\/\/centhury.com.br\/wp-content\/uploads\/2021\/07\/WhatsApp-Image-2020-10-30-at-17.22.41-300x293.jpeg 300w, https:\/\/centhury.com.br\/wp-content\/uploads\/2021\/07\/WhatsApp-Image-2020-10-30-at-17.22.41.jpeg 959w\" sizes=\"(max-width: 768px) 100vw, 768px\" \/>\t\t\t\t\t\t\t\t\t\t\t\t\t\t\t<\/div>\n\t\t\t\t<\/div>\n\t\t\t\t\t<\/div>\n\t\t<\/div>\n\t\t\t\t\t\t\t<\/div>\n\t\t<\/section>\n\t\t\t\t<section class=\"elementor-section elementor-inner-section elementor-element elementor-element-1365d00f elementor-section-content-middle elementor-section-boxed elementor-section-height-default elementor-section-height-default\" data-id=\"1365d00f\" data-element_type=\"section\">\n\t\t\t\t\t\t<div class=\"elementor-container elementor-column-gap-no\">\n\t\t\t\t\t<div class=\"elementor-column elementor-col-33 elementor-inner-column elementor-element elementor-element-215467c0\" data-id=\"215467c0\" data-element_type=\"column\" data-settings=\"{&quot;background_background&quot;:&quot;classic&quot;}\">\n\t\t\t<div class=\"elementor-widget-wrap elementor-element-populated\">\n\t\t\t\t\t\t\t\t<div class=\"elementor-element elementor-element-7c2827ea elementor-widget elementor-widget-heading\" data-id=\"7c2827ea\" data-element_type=\"widget\" data-widget_type=\"heading.default\">\n\t\t\t\t<div class=\"elementor-widget-container\">\n\t\t\t<h2 class=\"elementor-heading-title elementor-size-default\">Embalagens<\/h2>\t\t<\/div>\n\t\t\t\t<\/div>\n\t\t\t\t<div class=\"elementor-element elementor-element-415669f4 elementor-widget elementor-widget-text-editor\" data-id=\"415669f4\" data-element_type=\"widget\" data-widget_type=\"text-editor.default\">\n\t\t\t\t<div class=\"elementor-widget-container\">\n\t\t\t\t\t\t\t<p><strong>Embalagens em papel de diversos formatos e tamanhos, sustent\u00e1veis para seu neg\u00f3cio ou projeto, fale conosco!<\/strong><\/p>\t\t\t\t\t\t<\/div>\n\t\t\t\t<\/div>\n\t\t\t\t<div class=\"elementor-element elementor-element-60d635f8 elementor-align-center elementor-widget elementor-widget-button\" data-id=\"60d635f8\" data-element_type=\"widget\" data-widget_type=\"button.default\">\n\t\t\t\t<div class=\"elementor-widget-container\">\n\t\t\t\t\t<div class=\"elementor-button-wrapper\">\n\t\t\t<a href=\"http:\/\/centhury.com.br\/index.php\/embalagens\" class=\"elementor-button-link elementor-button elementor-size-sm\" role=\"button\">\n\t\t\t\t\t\t<span class=\"elementor-button-content-wrapper\">\n\t\t\t\t\t\t<span class=\"elementor-button-text\">Fale Conosco!<\/span>\n\t\t<\/span>\n\t\t\t\t\t<\/a>\n\t\t<\/div>\n\t\t\t\t<\/div>\n\t\t\t\t<\/div>\n\t\t\t\t\t<\/div>\n\t\t<\/div>\n\t\t\t\t<div class=\"elementor-column elementor-col-33 elementor-inner-column elementor-element elementor-element-5153ad35\" data-id=\"5153ad35\" data-element_type=\"column\">\n\t\t\t<div class=\"elementor-widget-wrap elementor-element-populated\">\n\t\t\t\t\t\t\t\t<div class=\"elementor-element elementor-element-76b47fae elementor-widget elementor-widget-image\" data-id=\"76b47fae\" data-element_type=\"widget\" data-widget_type=\"image.default\">\n\t\t\t\t<div class=\"elementor-widget-container\">\n\t\t\t\t\t\t\t\t\t\t\t\t\t\t\t<img loading=\"lazy\" decoding=\"async\" width=\"768\" height=\"512\" src=\"https:\/\/centhury.com.br\/wp-content\/uploads\/2021\/07\/IMG_5727-768x512.jpg\" class=\"attachment-medium_large size-medium_large wp-image-1244\" alt=\"\" srcset=\"https:\/\/centhury.com.br\/wp-content\/uploads\/2021\/07\/IMG_5727-768x512.jpg 768w, https:\/\/centhury.com.br\/wp-content\/uploads\/2021\/07\/IMG_5727-300x200.jpg 300w, https:\/\/centhury.com.br\/wp-content\/uploads\/2021\/07\/IMG_5727-1024x683.jpg 1024w, https:\/\/centhury.com.br\/wp-content\/uploads\/2021\/07\/IMG_5727-1536x1024.jpg 1536w, https:\/\/centhury.com.br\/wp-content\/uploads\/2021\/07\/IMG_5727-2048x1365.jpg 2048w\" sizes=\"(max-width: 768px) 100vw, 768px\" \/>\t\t\t\t\t\t\t\t\t\t\t\t\t\t\t<\/div>\n\t\t\t\t<\/div>\n\t\t\t\t\t<\/div>\n\t\t<\/div>\n\t\t\t\t<div class=\"elementor-column elementor-col-33 elementor-inner-column elementor-element elementor-element-1900012f\" data-id=\"1900012f\" data-element_type=\"column\" data-settings=\"{&quot;background_background&quot;:&quot;classic&quot;}\">\n\t\t\t<div class=\"elementor-widget-wrap elementor-element-populated\">\n\t\t\t\t\t\t\t\t<div class=\"elementor-element elementor-element-34af1a5 elementor-widget elementor-widget-heading\" data-id=\"34af1a5\" data-element_type=\"widget\" data-widget_type=\"heading.default\">\n\t\t\t\t<div class=\"elementor-widget-container\">\n\t\t\t<h2 class=\"elementor-heading-title elementor-size-default\">Comunica\u00e7\u00e3o Visual<\/h2>\t\t<\/div>\n\t\t\t\t<\/div>\n\t\t\t\t<div class=\"elementor-element elementor-element-4e09da45 elementor-widget elementor-widget-text-editor\" data-id=\"4e09da45\" data-element_type=\"widget\" data-widget_type=\"text-editor.default\">\n\t\t\t\t<div class=\"elementor-widget-container\">\n\t\t\t\t\t\t\t<p><strong>Impress\u00e3o da sua comunica\u00e7\u00e3o visual em alta qualidade, sem dores de cabe\u00e7a!<\/strong><\/p>\t\t\t\t\t\t<\/div>\n\t\t\t\t<\/div>\n\t\t\t\t<div class=\"elementor-element elementor-element-1e02a218 elementor-align-center elementor-widget elementor-widget-button\" data-id=\"1e02a218\" data-element_type=\"widget\" data-widget_type=\"button.default\">\n\t\t\t\t<div class=\"elementor-widget-container\">\n\t\t\t\t\t<div class=\"elementor-button-wrapper\">\n\t\t\t<a href=\"http:\/\/centhury.com.br\/index.php\/comunicacao-visual\" class=\"elementor-button-link elementor-button elementor-size-sm\" role=\"button\">\n\t\t\t\t\t\t<span class=\"elementor-button-content-wrapper\">\n\t\t\t\t\t\t<span class=\"elementor-button-text\">Fale Conosco!<\/span>\n\t\t<\/span>\n\t\t\t\t\t<\/a>\n\t\t<\/div>\n\t\t\t\t<\/div>\n\t\t\t\t<\/div>\n\t\t\t\t\t<\/div>\n\t\t<\/div>\n\t\t\t\t\t\t\t<\/div>\n\t\t<\/section>\n\t\t\t\t\t<\/div>\n\t\t<\/div>\n\t\t\t\t\t\t\t<\/div>\n\t\t<\/section>\n\t\t\t\t\t\t\t<\/div>\n\t\t","protected":false},"excerpt":{"rendered":"<p>Solu\u00e7\u00f5es Cat\u00e1logos Modelos e tamanhos variados para divulga\u00e7\u00e3o de seu cat\u00e1logo, para pequenas e grandes tiragens, com pouco ou muito acabamento! Fale Conosco! Embalagens Embalagens em papel de diversos formatos e tamanhos, sustent\u00e1veis para seu neg\u00f3cio ou projeto, fale conosco! Fale Conosco! Comunica\u00e7\u00e3o Visual Impress\u00e3o da sua comunica\u00e7\u00e3o visual em alta qualidade, sem dores de &hellip;<\/p>\n<p class=\"read-more\"> <a class=\"\" href=\"https:\/\/centhury.com.br\/index.php\/solucoes\/\"> <span class=\"screen-reader-text\">Solu\u00e7\u00f5es<\/span> Read More &raquo;<\/a><\/p>\n","protected":false},"author":1,"featured_media":0,"parent":0,"menu_order":0,"comment_status":"closed","ping_status":"closed","template":"","meta":{"_joinchat":[],"footnotes":""},"yoast_head":"<!-- This site is optimized with the Yoast SEO plugin v19.14 - https:\/\/yoast.com\/wordpress\/plugins\/seo\/ -->\n<title>Solu\u00e7\u00f5es - Centhury<\/title>\n<meta name=\"robots\" content=\"index, follow, max-snippet:-1, max-image-preview:large, max-video-preview:-1\" \/>\n<link rel=\"canonical\" href=\"https:\/\/centhury.com.br\/index.php\/solucoes\/\" \/>\n<meta property=\"og:locale\" content=\"en_US\" \/>\n<meta property=\"og:type\" content=\"article\" \/>\n<meta property=\"og:title\" content=\"Solu\u00e7\u00f5es - Centhury\" \/>\n<meta property=\"og:description\" content=\"Solu\u00e7\u00f5es Cat\u00e1logos Modelos e tamanhos variados para divulga\u00e7\u00e3o de seu cat\u00e1logo, para pequenas e grandes tiragens, com pouco ou muito acabamento! Fale Conosco! Embalagens Embalagens em papel de diversos formatos e tamanhos, sustent\u00e1veis para seu neg\u00f3cio ou projeto, fale conosco! Fale Conosco! Comunica\u00e7\u00e3o Visual Impress\u00e3o da sua comunica\u00e7\u00e3o visual em alta qualidade, sem dores de &hellip; Solu\u00e7\u00f5es Read More &raquo;\" \/>\n<meta property=\"og:url\" content=\"https:\/\/centhury.com.br\/index.php\/solucoes\/\" \/>\n<meta property=\"og:site_name\" content=\"Centhury\" \/>\n<meta property=\"article:publisher\" content=\"https:\/\/www.facebook.com\/Centhury\" \/>\n<meta property=\"article:modified_time\" content=\"2021-07-03T03:23:49+00:00\" \/>\n<meta property=\"og:image\" content=\"http:\/\/centhury.com.br\/wp-content\/uploads\/2021\/07\/20210129_172837-1-768x715.jpg\" \/>\n<meta name=\"twitter:card\" content=\"summary_large_image\" \/>\n<meta name=\"twitter:label1\" content=\"Est. reading time\" \/>\n\t<meta name=\"twitter:data1\" content=\"1 minute\" \/>\n<script type=\"application\/ld+json\" class=\"yoast-schema-graph\">{\"@context\":\"https:\/\/schema.org\",\"@graph\":[{\"@type\":\"WebPage\",\"@id\":\"https:\/\/centhury.com.br\/index.php\/solucoes\/\",\"url\":\"https:\/\/centhury.com.br\/index.php\/solucoes\/\",\"name\":\"Solu\u00e7\u00f5es - Centhury\",\"isPartOf\":{\"@id\":\"https:\/\/centhury.com.br\/#website\"},\"datePublished\":\"2021-07-02T20:31:36+00:00\",\"dateModified\":\"2021-07-03T03:23:49+00:00\",\"breadcrumb\":{\"@id\":\"https:\/\/centhury.com.br\/index.php\/solucoes\/#breadcrumb\"},\"inLanguage\":\"en-US\",\"potentialAction\":[{\"@type\":\"ReadAction\",\"target\":[\"https:\/\/centhury.com.br\/index.php\/solucoes\/\"]}]},{\"@type\":\"BreadcrumbList\",\"@id\":\"https:\/\/centhury.com.br\/index.php\/solucoes\/#breadcrumb\",\"itemListElement\":[{\"@type\":\"ListItem\",\"position\":1,\"name\":\"In\u00edcio\",\"item\":\"https:\/\/centhury.com.br\/\"},{\"@type\":\"ListItem\",\"position\":2,\"name\":\"Solu\u00e7\u00f5es\"}]},{\"@type\":\"WebSite\",\"@id\":\"https:\/\/centhury.com.br\/#website\",\"url\":\"https:\/\/centhury.com.br\/\",\"name\":\"Centhury\",\"description\":\"Muito mais que impress\u00e3o!\",\"publisher\":{\"@id\":\"https:\/\/centhury.com.br\/#organization\"},\"potentialAction\":[{\"@type\":\"SearchAction\",\"target\":{\"@type\":\"EntryPoint\",\"urlTemplate\":\"https:\/\/centhury.com.br\/?s={search_term_string}\"},\"query-input\":\"required name=search_term_string\"}],\"inLanguage\":\"en-US\"},{\"@type\":\"Organization\",\"@id\":\"https:\/\/centhury.com.br\/#organization\",\"name\":\"Centhury l Gr\u00e1fica e Comunica\u00e7\u00e3o Visual\",\"url\":\"https:\/\/centhury.com.br\/\",\"logo\":{\"@type\":\"ImageObject\",\"inLanguage\":\"en-US\",\"@id\":\"https:\/\/centhury.com.br\/#\/schema\/logo\/image\/\",\"url\":\"https:\/\/centhury.com.br\/wp-content\/uploads\/2021\/06\/cropped-206451762_187853663346814_8280880239677730780_n.jpg\",\"contentUrl\":\"https:\/\/centhury.com.br\/wp-content\/uploads\/2021\/06\/cropped-206451762_187853663346814_8280880239677730780_n.jpg\",\"width\":1637,\"height\":1092,\"caption\":\"Centhury l Gr\u00e1fica e Comunica\u00e7\u00e3o Visual\"},\"image\":{\"@id\":\"https:\/\/centhury.com.br\/#\/schema\/logo\/image\/\"},\"sameAs\":[\"https:\/\/instagram.com\/graficacenthury\",\"https:\/\/br.linkedin.com\/company\/centhury\",\"https:\/\/www.facebook.com\/Centhury\"]}]}<\/script>\n<!-- \/ Yoast SEO plugin. -->","yoast_head_json":{"title":"Solu\u00e7\u00f5es - Centhury","robots":{"index":"index","follow":"follow","max-snippet":"max-snippet:-1","max-image-preview":"max-image-preview:large","max-video-preview":"max-video-preview:-1"},"canonical":"https:\/\/centhury.com.br\/index.php\/solucoes\/","og_locale":"en_US","og_type":"article","og_title":"Solu\u00e7\u00f5es - Centhury","og_description":"Solu\u00e7\u00f5es Cat\u00e1logos Modelos e tamanhos variados para divulga\u00e7\u00e3o de seu cat\u00e1logo, para pequenas e grandes tiragens, com pouco ou muito acabamento! Fale Conosco! Embalagens Embalagens em papel de diversos formatos e tamanhos, sustent\u00e1veis para seu neg\u00f3cio ou projeto, fale conosco! Fale Conosco! Comunica\u00e7\u00e3o Visual Impress\u00e3o da sua comunica\u00e7\u00e3o visual em alta qualidade, sem dores de &hellip; Solu\u00e7\u00f5es Read More &raquo;","og_url":"https:\/\/centhury.com.br\/index.php\/solucoes\/","og_site_name":"Centhury","article_publisher":"https:\/\/www.facebook.com\/Centhury","article_modified_time":"2021-07-03T03:23:49+00:00","og_image":[{"url":"http:\/\/centhury.com.br\/wp-content\/uploads\/2021\/07\/20210129_172837-1-768x715.jpg"}],"twitter_card":"summary_large_image","twitter_misc":{"Est. reading time":"1 minute"},"schema":{"@context":"https:\/\/schema.org","@graph":[{"@type":"WebPage","@id":"https:\/\/centhury.com.br\/index.php\/solucoes\/","url":"https:\/\/centhury.com.br\/index.php\/solucoes\/","name":"Solu\u00e7\u00f5es - Centhury","isPartOf":{"@id":"https:\/\/centhury.com.br\/#website"},"datePublished":"2021-07-02T20:31:36+00:00","dateModified":"2021-07-03T03:23:49+00:00","breadcrumb":{"@id":"https:\/\/centhury.com.br\/index.php\/solucoes\/#breadcrumb"},"inLanguage":"en-US","potentialAction":[{"@type":"ReadAction","target":["https:\/\/centhury.com.br\/index.php\/solucoes\/"]}]},{"@type":"BreadcrumbList","@id":"https:\/\/centhury.com.br\/index.php\/solucoes\/#breadcrumb","itemListElement":[{"@type":"ListItem","position":1,"name":"In\u00edcio","item":"https:\/\/centhury.com.br\/"},{"@type":"ListItem","position":2,"name":"Solu\u00e7\u00f5es"}]},{"@type":"WebSite","@id":"https:\/\/centhury.com.br\/#website","url":"https:\/\/centhury.com.br\/","name":"Centhury","description":"Muito mais que impress\u00e3o!","publisher":{"@id":"https:\/\/centhury.com.br\/#organization"},"potentialAction":[{"@type":"SearchAction","target":{"@type":"EntryPoint","urlTemplate":"https:\/\/centhury.com.br\/?s={search_term_string}"},"query-input":"required name=search_term_string"}],"inLanguage":"en-US"},{"@type":"Organization","@id":"https:\/\/centhury.com.br\/#organization","name":"Centhury l Gr\u00e1fica e Comunica\u00e7\u00e3o Visual","url":"https:\/\/centhury.com.br\/","logo":{"@type":"ImageObject","inLanguage":"en-US","@id":"https:\/\/centhury.com.br\/#\/schema\/logo\/image\/","url":"https:\/\/centhury.com.br\/wp-content\/uploads\/2021\/06\/cropped-206451762_187853663346814_8280880239677730780_n.jpg","contentUrl":"https:\/\/centhury.com.br\/wp-content\/uploads\/2021\/06\/cropped-206451762_187853663346814_8280880239677730780_n.jpg","width":1637,"height":1092,"caption":"Centhury l Gr\u00e1fica e Comunica\u00e7\u00e3o Visual"},"image":{"@id":"https:\/\/centhury.com.br\/#\/schema\/logo\/image\/"},"sameAs":["https:\/\/instagram.com\/graficacenthury","https:\/\/br.linkedin.com\/company\/centhury","https:\/\/www.facebook.com\/Centhury"]}]}},"_links":{"self":[{"href":"https:\/\/centhury.com.br\/index.php\/wp-json\/wp\/v2\/pages\/1261"}],"collection":[{"href":"https:\/\/centhury.com.br\/index.php\/wp-json\/wp\/v2\/pages"}],"about":[{"href":"https:\/\/centhury.com.br\/index.php\/wp-json\/wp\/v2\/types\/page"}],"author":[{"embeddable":true,"href":"https:\/\/centhury.com.br\/index.php\/wp-json\/wp\/v2\/users\/1"}],"replies":[{"embeddable":true,"href":"https:\/\/centhury.com.br\/index.php\/wp-json\/wp\/v2\/comments?post=1261"}],"version-history":[{"count":36,"href":"https:\/\/centhury.com.br\/index.php\/wp-json\/wp\/v2\/pages\/1261\/revisions"}],"predecessor-version":[{"id":1544,"href":"https:\/\/centhury.com.br\/index.php\/wp-json\/wp\/v2\/pages\/1261\/revisions\/1544"}],"wp:attachment":[{"href":"https:\/\/centhury.com.br\/index.php\/wp-json\/wp\/v2\/media?parent=1261"}],"curies":[{"name":"wp","href":"https:\/\/api.w.org\/{rel}","templated":true}]}}